, what is -c266b + 67?
-c2604
In base 7, what is 6611 + -46113?
-36202
In base 16, what is 2ea127 - 3?
2ea124
In base 8, what is -4131 + 147127?
142776
In base 16, what is 1 + 974f8e?
974f8f
In base 3, what is -1122100120010 + 101210?
-1122100011100
In base 8, what is 513503 - -12604?
526307
In base 10, what is -516 + 48757?
48241
In base 10, what is 14862191 - 3?
14862188
In base 4, what is -1001211 + -310110?
-1311321
In base 9, what is 144015 + 626?
144642
In base 6, what is -1 - -24444244220?
24444244215
In base 5, what is 2133014 + 3011?
2141030
In base 13, what is -353390 - 0?
-353390
In base 15, what is -6248 + a3d3?
418a
In base 15, what is -2 - -1407b?
14079
In base 4, what is -120332 + -21201010?
-21322002
In base 16, what is 62 - 6b18b?
-6b129
In base 16, what is -7252 - 4d?
-729f
In base 6, what is -533503 + -102?
-534005
In base 10, what is 4990474 - -30?
4990504
In base 2, what is -110111000110111010001101 + -1011?
-110111000110111010011000
In base 9, what is -324301 + -1216?
-325517
In base 13, what is -1559b4 - 78?
-155a5c
In base 11, what is -21 + 6912118?
69120a7
In base 6, what is -321044231 - 43?
-321044314
In base 4, what is -13020310 - 130213?
-13211123
In base 10, what is -430185 - 308?
-430493
In base 2, what is -1010011101100111011001 - -10?
-1010011101100111010111
In base 16, what is c + 3ede2?
3edee
In base 5, what is 21034231 - -12230?
21102011
In base 5, what is -14322 + -1014322?
-1034144
In base 4, what is 10 - -31330102033?
31330102103
In base 11, what is -52653a2 + 36?
-5265367
In base 8, what is -17322172 + 0?
-17322172
In base 2, what is 11100101011 - -111010101010111001?
111011000111100100
In base 13, what is 3175966 - 2?
3175964
In base 13, what is 72 + 30964?
30a06
In base 7, what is 3 + -5621440?
-5621434
In base 16, what is -f79d + -8a?
-f827
In base 14, what is -37ac + 455?
-3357
In base 2, what is -100000011100000001011110 - -101111?
-100000011100000000101111
In base 12, what is -50b64 - -1b7?
-50969
In base 7, what is -13 - 111610634?
-111610650
In base 13, what is -1b3 - 3c567?
-3c74a
In base 4, what is 221 + 30230230112?
30230230333
In base 3, what is 12221221100 - 1101201?
12220112122
In base 10, what is 9396514 + 7?
9396521
In base 16, what is -18 - 320421?
-320439
In base 16, what is 328f8a - 4?
328f86
In base 2, what is -111 + -10100101111010110100?
-10100101111010111011
In base 14, what is 10 + -22bb677?
-22bb667
In base 2, what is -100000 - 111011101111110001?
-111011110000010001
In base 6, what is 1014321033 + -103?
1014320530
In base 12, what is 6 + a1b08aa?
a1b08b4
In base 15, what is -e7 + -11b333?
-11b42a
In base 13, what is -4201196 - 2?
-4201198
In base 7, what is 3356 - 1625?
1431
In base 9, what is 3 - -28321032?
28321035
In base 5, what is -214024321411 + -3?
-214024321414
In base 10, what is 285 + -106556?
-106271
In base 3, what is 12220022102 + -111211?
12212210121
In base 3, what is 20121022202 - -21001?
20121120210
In base 16, what is 21 - -190da2?
190dc3
In base 5, what is 20220223 - -4130?
20224403
In base 15, what is 137 + -385bc8?
-385a91
In base 4, what is -31110 - 12322100?
-13013210
In base 13, what is -b34 + -9c6ac?
-a0513
In base 4, what is -123210313103300 - 1?
-123210313103301
In base 13, what is -1b865 + 286?
-1b5ac
In base 8, what is -4 - -715573345?
715573341
In base 4, what is 11 + -10023111132022?
-10023111132011
In base 6, what is -4242 + 251540?
243254
In base 7, what is 1643 + 22414?
24360
In base 11, what is -14 + 6579641?
6579628
In base 2, what is -1001110111111 + -11110111001101?
-101000110001100
In base 16, what is -11 + -3d1c6c?
-3d1c7d
In base 5, what is 433403323 + -2124?
433401144
In base 4, what is 1 - -1121132300121?
1121132300122
In base 6, what is -1400255 - -3?
-1400252
In base 7, what is 44 - 2254133?
-2254056
In base 16, what is 2c76 - -196?
2e0c
In base 12, what is -3530 - -356?
-3196
In base 16, what is -4 - -2d232c?
2d2328
In base 4, what is -3033 - -3132213010?
3132203311
In base 11, what is -7 + -3306835?
-3306841
In base 4, what is -1210 + 212321332033?
212321330223
In base 5, what is 2133 + -432032?
-424344
In base 3, what is -10110101111021 + -200?
-10110101111221
In base 15, what is -1 - -2503ea0?
2503e9e
In base 8, what is 423516 + -155?
423341
In base 7, what is -3622 - 431646?
-435601
In base 14, what is -1762dc48 - 3?
-1762dc4b
In base 6, what is -24432225 - 2?
-24432231
In base 4, what is -311 - -333011122?
333010211
In base 6, what is -42 - -110110451?
110110405
In base 6, what is -44210 - 154032?
-242242
In base 3, what is -2212001211100 + -2012?
-2212001220112
In base 11, what is 89a39 - -240?
8a179
In base 8, what is -371133 - 134?
-371267
In base 15, what is ec + -268b41?
-268a44
In base 14, what is -19b588 + -116?
-19b6a0
In base 13, what is 38 + -ba975?
-ba93a
In base 4, what is -102231 - -12222?
-30003
In base 16, what is -1748d9 + 1?
-1748d8
In base 6, what is 10 + -152151524?
-152151514
In base 6, what is -101330 - 151315?
-253045
In base 16, what is 32ad - d7?
31d6
In base 2, what is 11111110111 + -10000010111?
1111100000
In base 3, what is 1111 + 1021200?
1100011
In base 7, what is -36341103 - 1?
-36341104
In base 3, what is -11110 - -102222111012?
102222022202
In base 12, what is 45ab16 + -91?
45aa45
In base 15, what is -48e2b - 3a6?
-492d2
In base 13, what is -13c - -23ac98?
23ab59
In base 13, what is -10925b6 + -5?
-10925bb
In base 5, what is 33442 + 332232?
421224
In base 4, what is 23130121 - -12311?
23203032
In base 15, what is 3 - -161ce8a?
161ce8d
In base 10, what is -19624 + 4792?
-14832
In base 11, what is -1158 - 23089?
-24236
In base 5, what is 204113101 + -11233?
204101313
In base 15, what is 1b + 1b8c7d?
1b8c99
In base 7, what is 60 - 110055040?
-110054650
In base 9, what is -21528084 + -1?
-21528085
In base 7, what is 31536312 - -61?
31536403
In base 2, what is 1010110010110000001000001 + 1111?
1010110010110000001010000
In base 4, what is -1233223112110 + -11?
-1233223112121
In base 6, what is -10103255242 + 1?
-10103255241
In base 15, what is 0 - -63242?
63242
In base 6, what is 14304 - -333530?
352234
In base 13, what is -1919b790 + -3?
-1919b793
In base 5, what is -30114104 + 2224?
-30111330
In base 12, what is 3309 - -12a6?
45b3
In base 6, what is -2153050204 - -3?
-2153050201
In base 7, what is 210 - -12412?
12622
In base 7, what is 4 + -36352050?
-36352043
In base 7, what is 252613306 - 0?
252613306
In base 5, what is 1042 + 23032110?
23033202
In base 11, what is -9481a9 + 130?
-948079
In base 7, what is -36 + -5461164?
-5461233
In base 3, what is -110001101111 - -1?
-110001101110
In base 13, what is 3 + 11a8604?
11a8607
In base 10, what is -15411 + -1600?
-17011
In base 5, what is -12040134040 - 124?
-12040134214
In base 10, what is -862094 + -205?
-862299
In base 11, what is -53 - -1000483?
1000430
In base 9, what is 416271657 + -4?
416271653
In base 7, what is 1 - 220116121?
-220116120
In base 8, what is -602521 + -1212?
-603733
In base 8, what is 7 - -154165257?
154165266
In base 15, what is 6c - -15d28?
15d95
In base 8, what is -665207 - 676?
-666105
In base 2, what is 11011001111001010010 - -10011?
11011001111001100101
In base 3, what is -2221201022 - -11201?
-2221112121
In base 3, what is 1212 + -10220020011?
-10220011022
In base 2, what is -11000110110111101101100111010 - -11?
-11000110110111101101100110111
In base 9, what is 58028272 - 11?
58028261
In base 16, what is -ea + -bc12?
-bcfc
In base 3, what is -201002121200 - 1102112?
-201011001012
In base 5, what is -13201230042 - -124?
-13201224413
In base 12, what is 0 - -63105b7?
63105b7
In base 3, what is 202001100 + -1220022?
200011001
In base 15, what is 2 + -9c1b481?
-9c1b47e
In base 12, what is -191b39 - 8?
-191b45
In base 16, what is 17ac7 - -40f?
17ed6
In base 9, what is 234880 - -5363?
241353
In base 12, what is -298 - -b573?
b297
In base 4, what is 0 + -20313110332022?
-20313110332022
In base 6, what is 335 + 410244?
411023
In base 9, what is 1 + 225816?
225817
In base 4, what is -13123300 + -3211?
-13133111
In base 11, what is -12888997 - -9?
-12888989
In base 9, what is 708 + -115220?
-114411
In base 2, what is -110 - -111011101001011010?
111011101001010100
In base 9, what is -5 - 85011320?
-85011325
In base 9, what is 5 + 5